{"id":37,"date":"2016-02-20T13:26:13","date_gmt":"2016-02-20T12:26:13","guid":{"rendered":"http:\/\/www.yogafuermich.ch\/?page_id=37"},"modified":"2026-04-15T10:02:18","modified_gmt":"2026-04-15T08:02:18","slug":"events","status":"publish","type":"page","link":"https:\/\/www.yogafuermich.ch\/?page_id=37","title":{"rendered":"Kursdaten"},"content":{"rendered":"<p><span style=\"font-size: 20px; color: #86c4ad;\"><strong><em>Hatha Yoga\u00a0<\/em><\/strong> <br \/><\/span><strong>Vor Ort und Live-Streaming<\/strong><\/p>\n<p><strong>Daten &amp; Zeiten<br \/><\/strong>Montag:\u00a0 \u00a0 \u00a0 \u00a0 18:30 &#8211; 19:30 Uhr<br \/>Freitag:\u00a0 \u00a0 \u00a0 \u00a0 \u00a009:00 &#8211; 10:00 Uhr<\/p>\n<p><em>In den w\u00f6chentlichen Yogakursen ist Schnuppern sowie Einstieg jederzeit m\u00f6glich. Die Kurse eignen sich sowohl f\u00fcr Anf\u00e4nger\/innen und Fortgeschrittene und ist f\u00fcr nicht Schwangere.<br \/>W\u00e4hrend den Schulferien finden keine Lektionen statt.<\/em><\/p>\n<p><strong>Kursort<br \/><\/strong>Hebammenpraxis Riehen, Eisenbahnweg 43, 4125 Riehen<\/p>\n<p>oder<\/p>\n<p><strong>Live-Streaming<br \/><\/strong>Die Yoga Stunden werden live \u00fcbertragen (Freitagmorgen). Du kannst bequem von zu Hause aus mit praktizieren.<br \/>Damit du teilnehmen kannst, brauchst du einen Laptop, PC, Tablet oder ein Smartphone mit Kamera und einen funktionierenden Internetanschluss. Die \u00dcbertragung erfolgt \u00fcber &#8222;Zoom&#8220;, du musst lediglich das Zoom-Programm runterladen oder die App installieren.<\/p>\n<p><strong>Mitbringen<\/strong><br \/>Bequeme Kleidung<br \/>Matten, Decken, Kissen und Bl\u00f6cke sind vorhanden<\/p>\n<p><strong>Kosten<\/strong><br \/>CHF 23.- pro Lektion, Bezahlung pro Quartal<br \/>Schnupperlektion CHF 10.-<\/p>\n<p><strong>Mitgliedschaften und Krankenkassenanerkennung<\/strong><br \/>Ich bin Mitglied bei YOGA Schweiz (YCH, www.yoga.ch) dem Berufsverband der Yogalehrer:innen in der Schweiz, und auch \u00fcber diesen Haftpflicht versichert. Seit 2020 verf\u00fcge ich \u00fcber die schweizweite Krankenkassenanerkennung (Zusatzversicherung).<\/p>\n<p><strong>Anmeldung<br \/><\/strong>Ananda Mich\u00e8le Lischer, <a href=\"mailto:michele.lischer@yogafuermich.ch\">michele.lischer at yogafuermich.ch<\/a>, +41 79 321 07 74<\/p>\n<p><span style=\"font-size: 20px; color: #86c4ad;\"><strong><em>Yin Yoga\u00a0<br \/><\/em><\/strong><\/span><strong>Daten<br \/><\/strong>1x monatlich, sonntags:<\/p>\n<p>3. Mai 2026\u00a0<\/p>\n<p><strong>Zeit<br \/><\/strong>09.30 bis 11.00 Uhr<\/p>\n<p><strong>Kursort<\/strong><br \/>Hebammenpraxis Riehen, Eisenbahnweg 43, 4125 Riehen<\/p>\n<p><strong>Mitbringen<\/strong><br \/>Bequeme Kleidung<br \/>Matten, Decken, Kissen und Bl\u00f6cke sind vorhanden<\/p>\n<p><strong>Kosten<\/strong><br \/>CHF 30.-<\/p>\n<p>Im Verhinderungsfall ist die Yin Yoga Lektion <strong>24 Stunden<\/strong> im Voraus abzumelden. Andernfalls wird die Lektion verrechnet.<\/p>\n<p><strong>Mitgliedschaften und Krankenkassenanerkennung<\/strong><br \/>Ich bin Mitglied bei YOGA Schweiz (YCH, www.yoga.ch) dem Berufsverband der Yogalehrer:innen in der Schweiz, und auch \u00fcber diesen Haftpflicht versichert. Seit 2020 verf\u00fcge ich \u00fcber die schweizweite Krankenkassenanerkennung (Zusatzversicherung).<\/p>\n<p><strong>Anmeldung<br \/><\/strong>Ananda Mich\u00e8le Lischer, <a href=\"mailto:michele.lischer@yogafuermich.ch\">michele.lischer at yogafuermich.ch<\/a>, 079 321 07 74<\/p>\n<p><span style=\"font-size: 20px; color: #86c4ad;\"><strong><em>Einzelunterricht\/Privatlektion Yoga<br \/><\/em><\/strong><\/span>M\u00f6chtest du deine eigene Asana Praxis vertiefen oder hast du konkrete Fragen zu Asana, Meditation, Depressionen oder Hochsensibilit\u00e4t, dann bietet sich daf\u00fcr der Einzelunterricht an.\u00a0<\/p>\n<p>Im Verhinderungsfall ist die Einzellektion <strong>12 Stunden<\/strong> im Voraus abzumelden. Andernfalls wird die Lektion verrechnet.<\/p>\n<p><strong>Mitbringen<\/strong><br \/>Bequeme Kleidung<br \/>Matten, Decken, Kissen und Bl\u00f6cke sind vorhanden<\/p>\n<p><strong>Kosten<\/strong><br \/>CHF 100.-<\/p>\n<p><strong>Mitgliedschaften und Krankenkassenanerkennung<br \/><\/strong><span style=\"font-size: revert; color: initial;\">Ich bin Mitglied bei YOGA Schweiz (YCH, www.yoga.ch) dem Berufsverband der Yogalehrer:innen in der Schweiz, und auch \u00fcber diesen Haftpflicht versichert. Seit 2020 verf\u00fcge ich \u00fcber die schweizweite Krankenkassenanerkennung (Zusatzversicherung).<\/span><\/p>\n<p><strong>Anmeldung<br \/><\/strong>Ananda Mich\u00e8le Lischer, <a href=\"mailto:michele.lischer@yogafuermich.ch\">michele.lischer at yogafuermich.ch<\/a>, 079 321 07 74<\/p>\n<p><span style=\"color: #86c4ad;\"><em><span style=\"font-size: 20px;\"><strong>R\u00fcckbildung (ohne Baby)<\/strong>\u00a0<br \/><\/span><\/em><\/span><strong>Daten &amp; Zeiten<\/strong><br \/>&#8211; Dienstag: 7. April bis 12. Mai von 19:00-20:00 Uhr<\/p>\n<p><strong>Kurort<\/strong><br \/>Hebammenpraxis Riehen, Eisenbahnweg 43, 4125 Riehen<\/p>\n<p><strong>Mitbringen<\/strong><br \/>Bequeme Kleidung, grosses Tuch<br \/>Matten, Decken sind vorhanden<\/p>\n<p><strong>Kosten<\/strong><br \/>CHF 280.- (wird von der Krankenkasse Grundversicherung \u00fcbernommen)<\/p>\n<p><strong>Anmeldung<br \/><\/strong>Ananda Mich\u00e8le Lischer, <a href=\"mailto:michele.lischer@yogafuermich.ch\">michele.lischer at yogafuermich.ch<\/a>, 079 321 07 74 oder<br \/><a href=\"http:\/\/www.hebammenpraxis-riehen.ch\">www.hebammenpraxis-riehen.ch<\/a><\/p>\n\n\n<figure class=\"wp-block-image size-large is-resized\"><img loading=\"lazy\" decoding=\"async\" width=\"791\" height=\"1024\" src=\"https:\/\/www.yogafuermich.ch\/wp-content\/uploads\/2023\/01\/YCH_LABEL_Teacher_L_RGB-791x1024.jpg\" alt=\"\" class=\"wp-image-677\" style=\"width:163px;height:211px\" srcset=\"https:\/\/www.yogafuermich.ch\/wp-content\/uploads\/2023\/01\/YCH_LABEL_Teacher_L_RGB-791x1024.jpg 791w, https:\/\/www.yogafuermich.ch\/wp-content\/uploads\/2023\/01\/YCH_LABEL_Teacher_L_RGB-232x300.jpg 232w, https:\/\/www.yogafuermich.ch\/wp-content\/uploads\/2023\/01\/YCH_LABEL_Teacher_L_RGB.jpg 960w\" sizes=\"(max-width: 791px) 100vw, 791px\" \/><\/figure>\n","protected":false},"excerpt":{"rendered":"<p>Hatha Yoga\u00a0 Vor Ort und Live-Streaming Daten &amp; ZeitenMontag:\u00a0 \u00a0 \u00a0 \u00a0 18:30 &#8211; 19:30 UhrFreitag:\u00a0 \u00a0 \u00a0 \u00a0 \u00a009:00 &#8211; 10:00 Uhr In den w\u00f6chentlichen Yogakursen ist Schnuppern sowie Einstieg jederzeit m\u00f6glich. Die Kurse eignen sich sowohl f\u00fcr Anf\u00e4nger\/innen und Fortgeschrittene und ist f\u00fcr nicht Schwangere.W\u00e4hrend den Schulferien finden keine Lektionen statt. KursortHebammenpraxis Riehen,&#8230;<\/p>\n<p><span class=\"mina-olen-read-more\"><a href=\"https:\/\/www.yogafuermich.ch\/?page_id=37\" class=\"more-link\">Read more <span class=\"screen-reader-text\">Kursdaten<\/span><\/a><\/span><\/p>\n","protected":false},"author":1,"featured_media":0,"parent":0,"menu_order":0,"comment_status":"closed","ping_status":"closed","template":"","meta":{"footnotes":""},"class_list":["entry","author-adminbeatrice","post-37","page","type-page","status-publish"],"aioseo_notices":[],"_links":{"self":[{"href":"https:\/\/www.yogafuermich.ch\/index.php?rest_route=\/wp\/v2\/pages\/37"}],"collection":[{"href":"https:\/\/www.yogafuermich.ch\/index.php?rest_route=\/wp\/v2\/pages"}],"about":[{"href":"https:\/\/www.yogafuermich.ch\/index.php?rest_route=\/wp\/v2\/types\/page"}],"author":[{"embeddable":true,"href":"https:\/\/www.yogafuermich.ch\/index.php?rest_route=\/wp\/v2\/users\/1"}],"replies":[{"embeddable":true,"href":"https:\/\/www.yogafuermich.ch\/index.php?rest_route=%2Fwp%2Fv2%2Fcomments&post=37"}],"version-history":[{"count":139,"href":"https:\/\/www.yogafuermich.ch\/index.php?rest_route=\/wp\/v2\/pages\/37\/revisions"}],"predecessor-version":[{"id":1041,"href":"https:\/\/www.yogafuermich.ch\/index.php?rest_route=\/wp\/v2\/pages\/37\/revisions\/1041"}],"wp:attachment":[{"href":"https:\/\/www.yogafuermich.ch\/index.php?rest_route=%2Fwp%2Fv2%2Fmedia&parent=37"}],"curies":[{"name":"wp","href":"https:\/\/api.w.org\/{rel}","templated":true}]}}