{"id":40,"date":"2016-02-20T13:26:35","date_gmt":"2016-02-20T12:26:35","guid":{"rendered":"http:\/\/www.yogafuermich.ch\/?page_id=40"},"modified":"2026-02-18T10:29:56","modified_gmt":"2026-02-18T09:29:56","slug":"portrait","status":"publish","type":"page","link":"https:\/\/www.yogafuermich.ch\/?page_id=40","title":{"rendered":"\u00dcber mich"},"content":{"rendered":"<p>Ananda Mich\u00e8le Lischer, 45 Jahre, verheiratet, zwei Kinder (2013 und 2017).<\/p>\n<p>Dipl. Yogalehrerin YCH\/EYU, Yin Yoga Lehrerin, Kursleiterin f\u00fcr R\u00fcckbildung und Beckenbodentrainerin.<\/p>\n<p>Zu Yoga bin ich ganz klassisch durch eine Empfehlung gekommen. <strong>Meine Reise mit Yoga hat vor 16 Jahren<\/strong> in B\u00fclach ZH begonnen. Nach meiner ersten Hatha Yoga Stunde wusste ich, dass ich am richtigen Ort bin. Mittlerweile geh\u00f6rt Yoga, wie der Atem, zu meinem Leben. Yoga tr\u00e4gt dazu bei, dass meine k\u00f6rperliche, psychische und seelische Gesundheit erhalten bleibt.<br \/>\nIch liebe es in die Stille einzutauchen und zu lauschen was in und mit mir geschieht.<\/p>\n<p><strong>Stille bewegt. Alles ist in mir.<\/strong><\/p>\n<p>Yoga kann ein Weg sein, um zu sich selbst zu finden. Alles ist in dir.<\/p>\n<p>Ich bin eine passionierte Yogalehrerin mit Herzlichkeit und Einf\u00fchlungsverm\u00f6gen. Mich begleiten eine ausgepr\u00e4gte Intuition, heilsame Selbstheilungskr\u00e4fte (Resilienz) und Empathie. <strong>Zudem besitze ich ein tiefgreifendes Verst\u00e4ndnis f\u00fcr Hochsensibilit\u00e4t und Depressionen.<\/strong><\/p>\n<p><em>Mein Herzenswunsch ist es, Menschen in ihrer ganzen Essenz zu erkennen und sie sanft und w\u00fcrdevoll zu sich zu f\u00fchren. Durch mein erlerntes und erf\u00fchltes Wissen in K\u00f6rper, Geist und Herz vermag ich Menschen ganzheitlich gesundheitlich zu f\u00f6rdern und zu begleiten.<\/em><\/p>\n<p>Gl\u00fcck ist Arbeit und eine bewusste Entscheidung. Jeden Tag.<\/p>\n<p><span style=\"color: #000000;\"><strong><br \/>\nAusbildungen \/ Weiterbildungen<\/strong><\/span><\/p>\n<p>2026: MSC-Kurs \/ Mindful Self-Compassion &#8211; Achtsames Selbstmitgef\u00fchl (Marisa Nussbaumer, BS)<\/p>\n<p>2026: Meditation Workshop mit Punnu Wasu<\/p>\n<p>2024: Unterweisung in Transcendental Meditation (Vedica Coaching Basel, Jasmin Paulussen)<\/p>\n<p>2024: Weiterbildung: Tantra Yoga (Lucia Luna Schmidt, CH)<\/p>\n<p>2023: Weiterbildung: Yoga der Energie (Anna Tr\u00f6kes, DE)<\/p>\n<p>2022: Zertifikatskurs Yoga Schweiz &#8222;Yoga-Vertiefungsjahr&#8220; bei Remo Soland, 80h mit Zertifikat<\/p>\n<p>2019: Weiterbildung: Yoga bei Depressionen (Anna Tr\u00f6kes, DE)<\/p>\n<p>2018: Weiterbildung: Yin Yoga Lehrerin (Barbara Burkhardt)<\/p>\n<p>2018: Ausbildung: Beckenbodentrainerin (Andrea Roder, DE)<\/p>\n<p>2018: Zertifizierte Kursleiterin f\u00fcr Schwangerschafts- und R\u00fcckbildungsyoga<br \/>\n(Ursula Salbert, DE)<\/p>\n<p>2017: Mitglied Berufsverband Yoga Schweiz\/YCH<\/p>\n<p>2016-2021:<br \/>\n<strong>Dipl. Yogalehrerin YCH\/EYU*<\/strong> (Lotos Yoga Ausbildungsschule Basel,<br \/>\n4-j\u00e4hrige Ausbildung mit Diplom, 720h (+ 800h Selbststudium)<br \/>\n<a href=\"https:\/\/www.yogafuermich.ch\/wp-content\/uploads\/2020\/05\/Berufsbild_Yogalehrer_in_YCH_neues-Design.pdf\" target=\"_blank\" rel=\"noopener noreferrer\">Berufsbild Diplomierte Yogalehrerin YCH<\/a><\/p>\n<p>2015:<br \/>\nInitiatorin und Inhaberin F\u00fclle und Sein, Namens\u00e4nderung 2019: YOGA f\u00fcr mich.<\/p>\n<p>2015:<br \/>\nInitiatorin und Inhaberin Frauentempel Weiblichsein<\/p>\n<p>2010-2013:<br \/>\nBasisausbildung zur Dipl. K\u00f6rperzentrierten Psychologischen Beraterin IKP<\/p>\n<p>2005 &#8211; laufend<br \/>\nSeminare und Weiterbildungen bei:<br \/>\nRabiya Andrea Sch\u00f6mig DE, Anna R\u00f6cker DE, Reinhard Gammenthaler CH, Anna Tr\u00f6kes DE, Akhilesh Bodhi (Neo Yoga Center, India), Chameli Ardagh, Puja Diana Richardson,<br \/>\nRen\u00e9e Bonanomi CH, Chuck Spezzano, Robert Betz DE<strong><br \/>\n<\/strong><\/p>\n<h6>*YCH: Verband Yoga Schweiz (<a href=\"http:\/\/www.yoga.ch\/\" target=\"_blank\" rel=\"noopener noreferrer\">www.yoga.ch<\/a>)<br \/>\n*EYU: Europ\u00e4ische Yoga-Union, \u00e4lteste internationale Yogaorganisation in Europa (<a href=\"http:\/\/www.europeanyoga.org\/\" target=\"_blank\" rel=\"noopener noreferrer\">www.europeanyoga.org<\/a>)<\/h6>\n","protected":false},"excerpt":{"rendered":"<p>Ananda Mich\u00e8le Lischer, 45 Jahre, verheiratet, zwei Kinder (2013 und 2017). Dipl. Yogalehrerin YCH\/EYU, Yin Yoga Lehrerin, Kursleiterin f\u00fcr R\u00fcckbildung und Beckenbodentrainerin. Zu Yoga bin ich ganz klassisch durch eine Empfehlung gekommen. Meine Reise mit Yoga hat vor 16 Jahren in B\u00fclach ZH begonnen. Nach meiner ersten Hatha Yoga Stunde wusste ich, dass ich am&#8230;<\/p>\n<p><span class=\"mina-olen-read-more\"><a href=\"https:\/\/www.yogafuermich.ch\/?page_id=40\" class=\"more-link\">Read more <span class=\"screen-reader-text\">\u00dcber mich<\/span><\/a><\/span><\/p>\n","protected":false},"author":1,"featured_media":0,"parent":0,"menu_order":0,"comment_status":"closed","ping_status":"closed","template":"","meta":{"footnotes":""},"class_list":["entry","author-adminbeatrice","post-40","page","type-page","status-publish"],"aioseo_notices":[],"_links":{"self":[{"href":"https:\/\/www.yogafuermich.ch\/index.php?rest_route=\/wp\/v2\/pages\/40"}],"collection":[{"href":"https:\/\/www.yogafuermich.ch\/index.php?rest_route=\/wp\/v2\/pages"}],"about":[{"href":"https:\/\/www.yogafuermich.ch\/index.php?rest_route=\/wp\/v2\/types\/page"}],"author":[{"embeddable":true,"href":"https:\/\/www.yogafuermich.ch\/index.php?rest_route=\/wp\/v2\/users\/1"}],"replies":[{"embeddable":true,"href":"https:\/\/www.yogafuermich.ch\/index.php?rest_route=%2Fwp%2Fv2%2Fcomments&post=40"}],"version-history":[{"count":68,"href":"https:\/\/www.yogafuermich.ch\/index.php?rest_route=\/wp\/v2\/pages\/40\/revisions"}],"predecessor-version":[{"id":1035,"href":"https:\/\/www.yogafuermich.ch\/index.php?rest_route=\/wp\/v2\/pages\/40\/revisions\/1035"}],"wp:attachment":[{"href":"https:\/\/www.yogafuermich.ch\/index.php?rest_route=%2Fwp%2Fv2%2Fmedia&parent=40"}],"curies":[{"name":"wp","href":"https:\/\/api.w.org\/{rel}","templated":true}]}}

Über mich

<p>Ananda Michèle Lischer, 45 Jahre, verheiratet, zwei Kinder (2013 und 2017).</p>
<p>Dipl. Yogalehrerin YCH/EYU, Yin Yoga Lehrerin, Kursleiterin für Rückbildung und Beckenbodentrainerin.</p>
<p>Zu Yoga bin ich ganz klassisch durch eine Empfehlung gekommen. <strong>Meine Reise mit Yoga hat vor 16 Jahren</strong> in Bülach ZH begonnen. Nach meiner ersten Hatha Yoga Stunde wusste ich, dass ich am richtigen Ort bin. Mittlerweile gehört Yoga, wie der Atem, zu meinem Leben. Yoga trägt dazu bei, dass meine körperliche, psychische und seelische Gesundheit erhalten bleibt.<br />
Ich liebe es in die Stille einzutauchen und zu lauschen was in und mit mir geschieht.</p>
<p><strong>Stille bewegt. Alles ist in mir.</strong></p>
<p>Yoga kann ein Weg sein, um zu sich selbst zu finden. Alles ist in dir.</p>
<p>Ich bin eine passionierte Yogalehrerin mit Herzlichkeit und Einfühlungsvermögen. Mich begleiten eine ausgeprägte Intuition, heilsame Selbstheilungskräfte (Resilienz) und Empathie. <strong>Zudem besitze ich ein tiefgreifendes Verständnis für Hochsensibilität und Depressionen.</strong></p>
<p><em>Mein Herzenswunsch ist es, Menschen in ihrer ganzen Essenz zu erkennen und sie sanft und würdevoll zu sich zu führen. Durch mein erlerntes und erfühltes Wissen in Körper, Geist und Herz vermag ich Menschen ganzheitlich gesundheitlich zu fördern und zu begleiten.</em></p>
<p>Glück ist Arbeit und eine bewusste Entscheidung. Jeden Tag.</p>
<p><span style="color: #000000;"><strong><br />
Ausbildungen / Weiterbildungen</strong></span></p>
<p>2026: MSC-Kurs / Mindful Self-Compassion &#8211; Achtsames Selbstmitgefühl (Marisa Nussbaumer, BS)</p>
<p>2026: Meditation Workshop mit Punnu Wasu</p>
<p>2024: Unterweisung in Transcendental Meditation (Vedica Coaching Basel, Jasmin Paulussen)</p>
<p>2024: Weiterbildung: Tantra Yoga (Lucia Luna Schmidt, CH)</p>
<p>2023: Weiterbildung: Yoga der Energie (Anna Trökes, DE)</p>
<p>2022: Zertifikatskurs Yoga Schweiz &#8222;Yoga-Vertiefungsjahr&#8220; bei Remo Soland, 80h mit Zertifikat</p>
<p>2019: Weiterbildung: Yoga bei Depressionen (Anna Trökes, DE)</p>
<p>2018: Weiterbildung: Yin Yoga Lehrerin (Barbara Burkhardt)</p>
<p>2018: Ausbildung: Beckenbodentrainerin (Andrea Roder, DE)</p>
<p>2018: Zertifizierte Kursleiterin für Schwangerschafts- und Rückbildungsyoga<br />
(Ursula Salbert, DE)</p>
<p>2017: Mitglied Berufsverband Yoga Schweiz/YCH</p>
<p>2016-2021:<br />
<strong>Dipl. Yogalehrerin YCH/EYU*</strong> (Lotos Yoga Ausbildungsschule Basel,<br />
4-jährige Ausbildung mit Diplom, 720h (+ 800h Selbststudium)<br />
<a href="https://www.yogafuermich.ch/wp-content/uploads/2020/05/Berufsbild_Yogalehrer_in_YCH_neues-Design.pdf" target="_blank" rel="noopener noreferrer">Berufsbild Diplomierte Yogalehrerin YCH</a></p>
<p>2015:<br />
Initiatorin und Inhaberin Fülle und Sein, Namensänderung 2019: YOGA für mich.</p>
<p>2015:<br />
Initiatorin und Inhaberin Frauentempel Weiblichsein</p>
<p>2010-2013:<br />
Basisausbildung zur Dipl. Körperzentrierten Psychologischen Beraterin IKP</p>
<p>2005 &#8211; laufend<br />
Seminare und Weiterbildungen bei:<br />
Rabiya Andrea Schömig DE, Anna Röcker DE, Reinhard Gammenthaler CH, Anna Trökes DE, Akhilesh Bodhi (Neo Yoga Center, India), Chameli Ardagh, Puja Diana Richardson,<br />
Renée Bonanomi CH, Chuck Spezzano, Robert Betz DE<strong><br />
</strong></p>
<h6>*YCH: Verband Yoga Schweiz (<a href="http://www.yoga.ch/" target="_blank" rel="noopener noreferrer">www.yoga.ch</a>)<br />
*EYU: Europäische Yoga-Union, älteste internationale Yogaorganisation in Europa (<a href="http://www.europeanyoga.org/" target="_blank" rel="noopener noreferrer">www.europeanyoga.org</a>)</h6>

<p>Ananda Michèle Lischer, 45 Jahre, verheiratet, zwei Kinder (2013 und 2017). Dipl. Yogalehrerin YCH/EYU, Yin Yoga Lehrerin, Kursleiterin für Rückbildung und Beckenbodentrainerin. Zu Yoga bin ich ganz klassisch durch eine Empfehlung gekommen. Meine Reise mit Yoga hat vor 16 Jahren in Bülach ZH begonnen. Nach meiner ersten Hatha Yoga Stunde wusste ich, dass ich am&#8230;</p>
<p><span class="mina-olen-read-more"><a href="https://www.yogafuermich.ch/?page_id=40" class="more-link">Read more <span class="screen-reader-text">Über mich</span></a></span></p>
